
What is the remainder when 34340 is divided by 69?
47
Calculate the remainder when 36636 is divided by 5.
1
Calculate the remainder when 3417 is divided by 500.
417
What is the remainder when 8273 is divided by 52?
5
Calculate the remainder when 1012 is divided by 503.
6
Calculate the remainder when 469328 is divided by 56.
48
Calculate the remainder when 719999 is divided by 640.
639
What is the remainder when 623822 is divided by 35?
17
What is the remainder when 1062 is divided by 292?
186
What is the remainder when 3750 is divided by 529?
47
What is the remainder when 238026 is divided by 57?
51
Calculate the remainder when 2505 is divided by 620.
25
Calculate the remainder when 152479 is divided by 129.
1
Calculate the remainder when 4395 is divided by 183.
3
What is the remainder when 342 is divided by 156?
30
What is the remainder when 8634 is divided by 472?
138
What is the remainder when 44000 is divided by 9?
8
Calculate the remainder when 530 is divided by 163.
41
Calculate the remainder when 851230 is divided by 379.
375
What is the remainder when 14883 is divided by 146?
137
What is the remainder when 66269 is divided by 9466?
7
Calculate the remainder when 1461316 is divided by 223.
220
What is the remainder when 1059 is divided by 18?
15
What is the remainder when 1078 is divided by 404?
270
Calculate the remainder when 12808 is divided by 80.
8
Calculate the remainder when 11800 is divided by 3628.
916
Calculate the remainder when 3097 is divided by 1284.
529
What is the remainder when 55576 is divided by 18519?
19
Calculate the remainder when 85044 is divided by 13.
11
Calculate the remainder when 11588 is divided by 2888.
36
What is the remainder when 124885 is divided by 268?
265
Calculate the remainder when 10247 is divided by 1702.
35
Calculate the remainder when 69539 is divided by 6321.
8
Calculate the remainder when 38789 is divided by 161.
149
Calculate the remainder when 3203 is divided by 47.
7
What is the remainder when 4045 is divided by 19?
17
Calculate the remainder when 1132 is divided by 911.
221
Calculate the remainder when 13810 is divided by 3396.
226
What is the remainder when 5807 is divided by 78?
35
Calculate the remainder when 313 is divided by 63.
61
Calculate the remainder when 37717 is divided by 15.
7
Calculate the remainder when 138459 is divided by 215.
214
What is the remainder when 808834 is divided by 1509?
10
What is the remainder when 15976 is divided by 30?
16
What is the remainder when 37766 is divided by 2217?
77
What is the remainder when 137734 is divided by 13?
12
Calculate the remainder when 3711 is divided by 62.
53
What is the remainder when 6117 is divided by 749?
125
Calculate the remainder when 14588 is divided by 925.
713
Calculate the remainder when 10242 is divided by 2546.
58
Calculate the remainder when 267433 is divided by 437.
426
Calculate the remainder when 61378 is divided by 259.
254
Calculate the remainder when 16594 is divided by 1276.
6
What is the remainder when 253 is divided by 230?
23
What is the remainder when 145076 is divided by 360?
356
Calculate the remainder when 72598 is divided by 968.
966
What is the remainder when 308527 is divided by 29?
25
What is the remainder when 232303 is divided by 51?
49
Calculate the remainder when 12799 is divided by 3185.
59
Calculate the remainder when 4408 is divided by 192.
184
Calculate the remainder when 14627 is divided by 2417.
125
Calculate the remainder when 1897 is divided by 237.
1
What is the remainder when 51949 is divided by 881?
851
Calculate the remainder when 3838 is divided by 31.
25
What is the remainder when 15192 is divided by 1687?
9
Calculate the remainder when 5064368 is divided by 227.
225
Calculate the remainder when 570 is divided by 226.
118
What is the remainder when 1484 is divided by 233?
86
What is the remainder when 66673 is divided by 4?
1
Calculate the remainder when 1815563 is divided by 22.
13
Calculate the remainder when 471 is divided by 151.
18
Calculate the remainder when 2114 is divided by 2098.
16
What is the remainder when 5303 is divided by 1761?
20
Calculate the remainder when 190 is divided by 137.
53
What is the remainder when 30989 is divided by 258?
29
What is the remainder when 16584 is divided by 5524?
12
Calculate the remainder when 3958 is divided by 1970.
18
Calculate the remainder when 37170 is divided by 1320.
210
Calculate the remainder when 7970 is divided by 57.
47
Calculate the remainder when 1270848 is divided by 635416.
16
Calculate the remainder when 70800 is divided by 35396.
8
What is the remainder when 6174 is divided by 4351?
1823
Calculate the remainder when 175343 is divided by 707.
7
What is the remainder when 42280 is divided by 1761?
16
Calculate the remainder when 26906 is divided by 6.
2
Calculate the remainder when 5181 is divided by 124.
97
Calculate the remainder when 291718 is divided by 858.
856
Calculate the remainder when 3209 is divided by 326.
275
Calculate the remainder when 47047 is divided by 11724.
151
What is the remainder when 20580 is divided by 439?
386
What is the remainder when 32856 is divided by 108?
24
What is the remainder when 454488 is divided by 31?
28
What is the remainder when 107956 is divided by 26980?
36
What is the remainder when 2187 is divided by 253?
163
What is the remainder when 28830 is divided by 203?
4
Calculate the remainder when 60237 is divided by 502.
499
Calculate the remainder when 2393 is divided by 158.
23
Calculate the remainder when 10705 is divided by 102.
97
What is the remainder when 4040 is divided by 859?
604
What is the remainder when 29609 is divided by 29598?
11
Calculate the remainder when 10055 is divided by 1255.
15
Calculate the remainder when 617605 is divided by 7.
2
What is the remainder when 1390 is divided by 1099?
291
What is the remainder when 12028 is divided by 293?
15
Calculate the remainder when 2829 is divided by 169.
125
Calculate the remainder when 15420 is divided by 33.
9
Calculate the remainder when 146414 is divided by 21.
2
What is the remainder when 69067 is divided by 23020?
7
What is the remainder when 94141 is divided by 31374?
19
Calculate the remainder when 10960 is divided by 1563.
19
What is the remainder when 61884 is divided by 952?
4
What is the remainder when 60844 is divided by 444?
16
What is the remainder when 5515 is divided by 408?
211
Calculate the remainder when 35348 is divided by 50.
48
What is the remainder when 427 is divided by 100?
27
What is the remainder when 6087 is divided by 265?
257
What is the remainder when 4694 is divided by 86?
50
Calculate the remainder when 490 is divided by 22.
6
What is the remainder when 4814 is divided by 324?
278
Calculate the remainder when 15190 is divided by 5061.
7
Calculate the remainder when 2024 is divided by 665.
29
Calculate the remainder when 576188 is divided by 1077.
1070
Calculate the remainder when 27581 is divided by 8.
5
What is the remainder when 46523 is divided by 43?
40
Calculate the remainder when 200243 is divided by 626.
549
Calculate the remainder when 5718 is divided by 211.
21
What is the remainder when 3072 is divided by 8?
0
What is the remainder when 16744 is divided by 349?
341
What is the remainder when 35699 is divided by 812?
783
What is the remainder when 406362 is divided by 383?
382
What is the remainder when 102669 is divided by 51?
6
What is the remainder when 9584 is divided by 436?
428
What is the remainder when 1730 is divided by 1281?
449
Calculate the remainder when 7628 is divided by 167.
113
Calculate the remainder when 91641 is divided by 14.
11
What is the remainder when 114794 is divided by 100?
94
Calculate the remainder when 2224 is divided by 651.
271
What is the remainder when 1824263 is divided by 146?
139
What is the remainder when 75925 is divided by 23?
2
Calculate the remainder when 1417 is divided by 1257.
160
What is the remainder when 103869 is divided by 16?
13
What is the remainder when 8640 is divided by 189?
135
Calculate the remainder when 192095 is divided by 68.
63
Calculate the remainder when 30019 is divided by 109.
44
Calculate the remainder when 7755 is divided by 1522.
145
What is the remainder when 217321 is divided by 188?
181
What is t